 - 6*r - 5. Let a(v) = -14*v**2 - 19*v - 16. Let q(i) = 4*a(i) - 11*t(i). Calculate q(l).
12
Let z(y) = 33*y - 1. Suppose -f - 2*x + 19 = 0, -3*f + 5*x = -5 - 19. Suppose -5*t - 8 = -f*t. Determine z(t).
32
Let q(y) = y - 18. Let b be q(15). Let u(k) = -k**2 + 5. Give u(b).
-4
Let w(h) = 5*h**2 + 6 + 10 - 9 + 8*h - 4*h**2 + 2. What is w(-5)?
-6
Let a(h) = h. Let d(l) = -l + 2. Let m(r) = -2*a(r) - d(r). Let v(n) = 4*n + 5. Let p(f) = 2*m(f) + v(f). Let k = 1 - 7. Calculate p(k).
-11
Let p(r) = -4*r - 1 - 2*r + r. Suppose -26 = 6*l - 20. Determine p(l).
4
Let c(l) = -l**3 - 3*l**2 + l. Suppose -25 = -v - 5*p, p + 50 - 199 = -5*v. Let g = -34 + v. Determine c(g).
12
Let x(a) = -a**2 + 6. Suppose 2*o + 4*o - 30 = 0. Suppose 3*d - 5*q - 10 = o, d = q + 3. Calculate x(d).
6
Let z(v) = 2*v**3 + 18*v**2 - v - 5. Let s be z(-9). Let b(d) = d**3 - 6*d**2 + 3*d. Determine b(s).
-20
Let o(d) = d**2 - 7*d + 14. Let m be o(5). Let a(z) = z + m*z - 2*z**3 + 7*z**2 - 14 + 16 + 3*z**3. Give a(-6).
8
Let y(t) = -25 - 29*t + 65*t - 39*t + 10. Determine y(0).
-15
Let z(x) = 11*x + 1. Let y(f) = 5*f. Let g = 1 - -1. Let l(w) = g*z(w) - 5*y(w). Suppose 52*i - 206*i = -924. What is l(i)?
-16
Let l = -48 + 50. Let x(t) = -1629 - 16*t**3 + t + 1629 + l*t**2. Determine x(-1).
17
Let d = 163 - 168. Let p(m) = -m - 4. Calculate p(d).
1
Let u(v) = 13*v. Let c = 231 - 228. Determine u(c).
39
Let w(q) be the third derivative of -1/12*q**5 - 1/6*q**3 + 0*q - 1/8*q**4 + 14*q**2 + 0. Let c be 8/(-3) - 2/(-3). Calculate w(c).
-15
Let k(y) = y**2 + 3*y - 5. Let u(p) = -p**3 + 6*p + 5. Let c(t) = -t**3 - t**2 + 7*t + 5. Let l(s) = 6*c(s) - 7*u(s). Let h be l(6). Give k(h).
5
Let x(l) = l + 34 - 2*l + 3*l - 30 - 19. What is x(12)?
9
Let l(p) be the third derivative of -p**6/120 + p**5/5 - 11*p**4/24 - p**3 - 199*p**2. Determine l(11).
-6
Let l(j) = -4*j - 4. Let i(k) be the second derivative of k**4/12 + k**3/6 - 3*k**2/2 + 14*k. Let q be i(0). Determine l(q).
8
Let y(i) be the first derivative of 5*i**4/4 + i**3/3 + 2*i**2 + 3*i - 9. Let m(x) = x**2 + 1 + 1 + 3*x + 0*x + 4*x**3. Let f(u) = -4*m(u) + 3*y(u). Give f(-2).
5
Let q(t) be the first derivative of -t**3/3 - 7*t**2/2 + 10*t + 83. What is q(-9)?
-8
Let b(x) = x**3 + 1. Suppose 0 = 4*j + 3*m + 30, -2*j + 2*m - m = 10. Let o(s) = -8*s**3 - 2*s + 5. Let g(y) = j*b(y) + o(y). What is g(-1)?
15
Let v = -34 - -36. Let l(j) = j. Let x(w) = w**2 - 6*w + 4. Let y(s) = v*l(s) + x(s). What is y(4)?
4
Let k(p) = -1 - 1692*p + 1690*p - 6*p**2 - 2*p**2. Let z(v) = -v**3 + v**2 - v - 1. Let n be z(0). Calculate k(n).
-7
Let l(t) = 2*t + 4. Let s(n) = n**3 + 2*n**2 + n. Let a be s(-4). Suppose -6*u = -19*u - 533. Let k = a - u. Determine l(k).
14
Suppose -21 = -12*x + 5*x. Let c(a) = x - 14 + 8 - a. Give c(0).
-3
Let n(j) = j**2 - 5*j + 2. Let b be (-63 + 4/4)/(-2). Let p = b + -3. Let t be 2/7 + 76/p. Give n(t).
-4
Let z(m) = -2*m**3 - m**2 - 2. Let w = 81 - 81. Let f be z(w). Let l(c) = 6*c + 2. What is l(f)?
-10
Let a = 13 + -10. Let z be ((-30)/(-20))/(a/16). Let n(l) = 0 - 9 + z + l. Give n(-5).
-6
Let r(y) be the third derivative of 1/24*y**4 + 1/2*y**3 + 0*y - 3*y**2 + 0. Suppose -2*p + 4 = 18*i - 16*i, 0 = 2*i + p + 1. Determine r(i).
0
Let g(j) be the third derivative of -j**7/420 + j**6/180 - j**5/60 + j**4/8 - j**3/6 - 28*j**2. Let b(i) be the first derivative of g(i). Calculate b(2).
-9
Let o(f) be the third derivative of 1/60*f**5 - 2*f**2 + 0*f - 2/3*f**3 - 1/6*f**4 + 0. Suppose p - 3*a + 4 = 0, -a + 8 - 20 = -3*p. What is o(p)?
1
Let p(x) be the third derivative of -x**6/120 - 2*x**5/15 + x**4/6 + x**3/2 + 4*x**2 - 11. What is p(-8)?
-29
Let m(q) be the second derivative of -5*q**3/6 + q**2/2 - 66*q - 5. Give m(7).
-34
Let q(n) = n + 6. Suppose 5*r - k = 61, -5 = 4*k - 1. Calculate q(r).
18
Let b(d) = 5*d**2 - 2*d - 4. Suppose -879 = k - 882. Calculate b(k).
35
Let r be (-4)/14 - 999/(-189). Let o(x) = -10*x**2 - 4*x - 7. Let l(c) = -7*c**2 - 3*c - 5. Let s(d) = 7*l(d) - 5*o(d). What is s(r)?
20
Let p(f) = -13*f + 179. Let r be p(14). Let h(k) = -k**3 - 4*k**2 - 2*k - 3. What is h(r)?
-6
Let f(z) = z - 4. Suppose -63 = -3*u - 4*l, -u = -0*u + l - 22. Suppose 0 = -4*b + 45 - u. Determine f(b).
1
Let t(a) = -3*a**3 + a**3 - 2 + a**3 - 2*a + 3*a**2. Let y be 4 - (4 + 2/(4 - 5)). Calculate t(y).
-2
Suppose 12*a = 6*a. Let u(o) = 16*o**2 - 11*o - 77. Let y(w) = -3*w**2 + 2*w + 15. Let f(i) = -2*u(i) - 11*y(i). What is f(a)?
-11
Suppose -2*h = q - 5*q + 2, 0 = -4*q + 4. Let k(f) = 2 + 0*f**2 - 1 - 2 - 2*f**2. Give k(h).
-3
Let r(n) be the second derivative of -7*n**4/4 - n**3/6 - n**2/2 - 807*n + 2. Calculate r(-1).
-21
Suppose -48 = 520*o - 526*o. Let g(a) = a**3 - 8*a**2 - 7*a + 10. Give g(o).
-46
Let a = 11085 + -11085. Let k(t) be the first derivative of -t**4/4 + 7*t + 1. What is k(a)?
7
Suppose -48 = 3*y + 9*y. Let c(r) = -2*r**3 - 9*r**2 - 6*r - 5. Determine c(y).
3
Let j(n) = -n**3 + 7*n**2 - 6*n + 4. Let m(k) = 17*k**2 - 13*k + 1. Let z be m(1). Determine j(z).
24
Let t be (-10)/20 + (-1)/(-2). Let i(k) = k**2 + 19*k + 14 - 19*k. What is i(t)?
14
Let r(v) = -2 - 6*v + 8 + 5 - 4 + v**3 - 5*v**2 + 0*v**3. What is r(6)?
7
Let p(m) be the second derivative of -m**4/12 - 4*m**3/3 + 21*m**2 + 35*m. Let y(c) be the first derivative of p(c). Determine y(-6).
4
Let s(j) = -4*j**2 - 3*j + 33. Let h(b) be the third derivative of b**5/60 + b**4/24 - 4*b**3/3 - 4*b**2. Let q(i) = -9*h(i) - 2*s(i). What is q(-5)?
-4
Let x = -428 - -429. Let u(b) = 11*b**3 - 6*b**2 + b - 6. Let h(p) = p**2 + 1. Let m(g) = -6*h(g) - u(g). What is m(x)?
-12
Let n(k) be the second derivative of k**3/6 + k**2/2 - 3*k. Let z(f) = -f**2 + 9*f - 16. Let b be z(4). What is n(b)?
5
Suppose -3*f + 12 = u, -f - 2*f + 5*u + 30 = 0. Suppose 6*w = 5*n + 2*w, f*n - w - 15 = 0. Let z(v) = -3*v - 5*v + 5*v + 1 + n*v. What is z(5)?
6
Let n(l) = -2*l + 9. Let p be n(3). Let i(f) = -3*f**p + 334 - f + 5*f**3 + f**2 - 335. What is i(2)?
17
Let w(b) = b**3 - 6*b**2 + 4. Suppose 15 = -7*m + 1. Let c = m - -8. Determine w(c).
4
Let f(a) be the second derivative of a**8/6720 + a**7/315 - a**5/40 + a**4 + 3*a. Let w(h) be the third derivative of f(h). Determine w(-8).
-3
Suppose z - 6*z = 10. Let y(i) be the second derivative of -i**7/2520 + i**6/720 - i**4/2 + 26*i. Let m(t) be the third derivative of y(t). Determine m(z).
-6
Let j(l) = 4*l + 6*l - 4*l. Suppose -16*h + 34*h = 90. Calculate j(h).
30
Suppose 0 = -20*p + 21*p - 3. Let t(k) = 9*k + 6*k + 1 - 9*k. Give t(p).
19
Let q be -6 + (10 - (-6)/(-3)). Let z(u) = 2*u**2 - 2*u + 3. Determine z(q).
7
Let u be 1/(-8) + (-876)/(-96) + -6. Let q(l) = 4*l + 3. Give q(u).
15
Let d(n) be the third derivative of n**4/24 - n**3/2 - 2*n**2 - 35*n. Calculate d(5).
2
Suppose 0 = -i - 3*a + 8, -i - a + 334 = 326. Let v(d) = -d**2 + 6*d + 20. Give v(i).
4
Let u(j) = 8*j**2 + j - 6. Let w(c) = 7*c**2 + c - 5. Let d(l) = 5*u(l) - 6*w(l). Let f(b) = -b**3 + 20*b**2 + 47*b - 65. Let g be f(22). What is d(g)?
-3
Suppose 0 = -9*z + 4*z. Let o(j) = 17*j - 3 - 47*j + 32*j. Let q be o(z). Let y(t) = -t**3 - 4*t**2. Calculate y(q).
-9
Let r = 1 + 3. Let d(s) = s - 3*s - r*s + 1. Let g be -6 + (5 - -8 - 6). What is d(g)?
-5
Let d(o) be the second derivative of -o**4/12 - 5*o**3/6 + o**2/2 + 4*o. Let a be (-3 - -2) + (-1 - 3). Calculate d(a).
1
Let o(z) = -7*z - 4. Let b(n) = -n**3 - 14*n**2 + 32*n + 5. Let v be b(-16). Let y be (18/15)/((-2)/v). What is o(y)?
17
Let s be 6/(15/5*(-3)/(-6)). Let n(a) = a**3 - 5*a**2 + a + 7. What is n(s)?
-5
Let v(i) = i**3 - 6*i**2 + i + 7. Let o = -77 - -83. What is v(o)?
13
Let r(d) = d + 3. Let q be r(2). Suppose 2*x - q*f = -10, 4*f - 3*f + 16 = 4*x. Let j(y) = y + 4. Let i(k) = k + 3. Let b(s) = 2*i(s) - 3*j(s). What is b(x)?
-11
Let k(g) be the first derivative of g**4/6 - g**3/2 + 23*g**2/2 + 18. Let f(z) be the second derivative of k(z). Determine f(2).
5
Suppose 2 = -2*n - 2*l, 4*l + 8 = -n - 5. Let y(f) = f**3 - 3*f**2 - 3*f + 2. What is y(n)?
-7
Let m(b) be the first derivative of -b**3/6 + b**2 + b + 10. Let o(f) be the first derivative of m(f). Determine o(1).
1
Let k(g) = 5*g + 4. Let o be (((-252)/16)/(-7))/((-4)/(-16)). Let s = o + -13. What is k(s)?
-16
Let d(w) = w**2 + 3*w. Let v be d(-4). Le